d x.
6
Let i be 11/2 + 5/(-10). Let c(u) = -u**3 + 4*u**2 - u + 5. Suppose -4*n = -0*n - 16. Let m be c(n). Calculate the highest common factor of i and m.
1
Let z be (-2)/(-5) - (-1646)/10. Suppose 1 - 31 = -2*j. Calculate the greatest common divisor of j and z.
15
Let n = 7 + -5. Let a(o) = 6*o - 1 + o + 2*o**n - 2*o. Let v be a(-4). Calculate the greatest common factor of 77 and v.
11
Suppose -f + 2 = 0, 0*l = 2*l + f - 8. Suppose 4*y - 151 = l*c, -5*y + 6*y + 3*c = 19. What is the highest common factor of y and 17?
17
Let l(n) = n**3 + 3*n**2 - 5*n - 3. Let k be l(-3). Let s(f) = 2*f**3 + 7*f**2 + f - 3. Let q be s(-3). What is the highest common divisor of k and q?
3
Suppose 6*g - 3*g - 51 = 0. Let s be -1*(-338)/4 - (-1)/2. What is the highest common divisor of s and g?
17
Let w = 40 - 38. What is the highest common divisor of w and 18?
2
Let m(j) = j**3 + 5*j**2 + 3. Let r be m(-4). What is the highest common factor of 19 and r?
19
Suppose 5*k + 4*g - 4 = 0, 5*k - 5*g + g = -4. Let f be 0/(-6) + k + 23. Calculate the highest common factor of 23 and f.
23
Suppose 3*p + 55 = 5*p - 5*i, -5*p + 2*i + 106 = 0. What is the greatest common factor of p and 70?
10
Let l(d) = d + 22. Let o be l(-14). Let j(p) = -p**2 - 6*p + 8. Let h be j(-6). Calculate the greatest common divisor of o and h.
8
Let n(p) = -p**3 - p**2 + 4*p + 4. Let l be n(-4). Calculate the greatest common divisor of l and 288.
36
Let g(v) = -v**3 + 11*v**2 + 16. Let t be g(8). Calculate the greatest common divisor of t and 26.
26
Let q(s) = -2*s**3 + s**2 + 3*s + 1. Let v be q(-2). Calculate the highest common factor of v and 3.
3
Let x(y) = y**3 - 8*y**2 + 7*y + 5. Let g be x(7). What is the greatest common divisor of g and 45?
5
Suppose 3*p + r - 4 = 6*r, -p + 5*r = 12. What is the highest common divisor of 8 and p?
8
Let m = -10 - -45. Suppose 5*t - 261 = 9. Let l be t/4 + (-3)/(-6). What is the greatest common factor of m and l?
7
Let j(d) = -d**3 + 8*d**2 + d - 4. Let q be j(6). What is the highest common factor of q and 37?
37
Let r(u) = 4*u + 11. Let a be r(5). Calculate the highest common factor of 31 and a.
31
Let v be ((-44)/66)/(1/(-45)). Calculate the greatest common factor of v and 12.
6
Let u = -21 - -48. Let f = 39 - u. Calculate the greatest common divisor of 60 and f.
12
Let t(q) = 10*q - 2. Let x be t(2). Let n be 1 + -1 - (-11 - 1). What is the greatest common factor of x and n?
6
Let b be 2/8 - (-1842)/24. What is the greatest common divisor of b and 11?
11
Suppose -4*h + 264 = -56. Calculate the greatest common divisor of 10 and h.
10
Let x = -337 + 241. Let q be 6/(-10) - x/(-15). Let o be 8/28 + (-1153)/q. What is the highest common factor of o and 15?
15
Let r be 2/3 - (925/(-15))/5. Let m be (-2)/(-7) - 8/28. Suppose a - 5 - 8 = m. Calculate the highest common divisor of r and a.
13
Let t(o) = o**2 + 2*o - 1. Let v be t(3). Suppose v*w - 11*w - 210 = 0. What is the greatest common factor of 28 and w?
14
Let l(x) = x**2 + 11*x + 126. Let i be l(-20). Suppose -4*g - 136 = -8*g. Calculate the greatest common divisor of i and g.
34
Let a(w) = w**3 - w**2 - w + 14. Let c = 11 - 11. Let k be a(c). Calculate the greatest common factor of k and 2.
2
Let b(s) = 75*s + 2. Let w be b(2). Suppose 12 = -5*a + w. What is the highest common divisor of a and 7?
7
Let o be -26*(-1)/(-6)*-3. Let i(r) = r**3 + 7*r**2 - r - 3. Let w be i(-6). What is the greatest common divisor of w and o?
13
Let b = 148 + -57. Let q = 196 - b. What is the greatest common factor of q and 21?
21
Suppose 0*p - 4*p + 80 = 0. What is the highest common factor of p and 160?
20
Let d(t) = -26*t + 1. Let v be 6/9*6/(-4). Let u be d(v). Suppose 2*r - u = -m - 0*m, -5*m + 87 = -2*r. What is the highest common factor of m and 19?
19
Let q be (1 - 2/4)*0. Suppose -2*g + q = 2. Let z be (2 + -3)/(g/13). Calculate the highest common divisor of z and 91.
13
Let n be ((-6)/(-4))/(0 - (-3)/66). What is the highest common factor of 33 and n?
33
Let h be 130/(3 - 2) - 2. Calculate the highest common divisor of 16 and h.
16
Let u(y) = -y**3 - 20*y**2 - 20*y - 6. Let m be u(-19). What is the greatest common factor of m and 156?
13
Suppose 0 = 5*x - 2*q - 20, 2*x + q - 3 - 5 = 0. Suppose x*m - 66 = 2*m. Let o = -8 + 19. Calculate the greatest common divisor of o and m.
11
Let z(o) = o**3 + 8*o**2. Let k be z(-8). Let w(b) = -b + 1. Let s be w(-4). Suppose k*j - s*j + 200 = 0. What is the greatest common factor of 16 and j?
8
Let s = -17 - -12. Let u = s + 16. Let n = 55 + -33. Calculate the highest common divisor of u and n.
11
Let d(x) = -2*x**3 + 2*x**2 + 2*x - 2. Let p be d(2). Let c be (-728)/p + (-2)/6. Calculate the highest common factor of c and 11.
11
Suppose -72 = -3*m + m. Let u(l) = -l**3 + 8*l**2 - 3*l - 1. Let g be u(7). Let r be (-2)/(-6)*(g + 0). What is the highest common divisor of m and r?
9
Suppose -4*d = -15*d + 187. What is the highest common divisor of d and 17?
17
Let m(n) = -120*n**3 + n**2 + 2*n + 1. Let q be m(-1). What is the greatest common divisor of 24 and q?
24
Suppose -14 = -l - 0*p + 2*p, -l + p = -16. Let y = 26 + -14. Calculate the highest common factor of l and y.
6
Suppose -2*j + 15 + 33 = 0. Let n be (-1)/2 + 126/(-4). Let f be (-4)/n - 285/(-24). Calculate the greatest common divisor of f and j.
12
Let z(b) = -b**3 - 6*b**2 - 5*b + 4. Let a be z(-5). Suppose 4*y + 3 = -5*s + 42, -a*y = -4*s - 84. Calculate the highest common divisor of y and 64.
16
Suppose -v - 3*x = -x - 4, v + 4*x = 0. What is the highest common factor of 12 and v?
4
Let n(a) = a**2 + 5*a + 21. Let q be n(7). What is the highest common divisor of 70 and q?
35
Let r be 4/(1 + 0/(-4)). Suppose 5*j + 5*v - 60 = 0, -3*j - r*v + 33 = -4. Calculate the greatest common divisor of j and 88.
11
Let h be -6*3/(-12)*6. Suppose 0*k - 4*q + h = 3*k, 0 = -4*q. Suppose 2*i - k = 3. What is the greatest common divisor of 3 and i?
3
Let g = -25 + 52. What is the greatest common divisor of 135 and g?
27
Let d = 51 - 120. Let v = d + 119. What is the greatest common divisor of v and 25?
25
Suppose -5 + 7 = c + 2*k, 0 = 4*c + 3*k - 13. Suppose -2*h - 2 = -0*j - j, 56 = 3*j + c*h. Calculate the greatest common divisor of j and 84.
12
Let h(c) = c**3 + 10*c**2 + 8*c + 6. Let t be h(-9). Let d(i) = -i + 3. Let u be d(-3). What is the greatest common divisor of t and u?
3
Let q be (-2 + -7)*5/1. Let f = -27 - q. Suppose 0*j - j = -45. What is the highest common divisor of j and f?
9
Let p(x) = -6*x - 9. Let i be p(-2). What is the highest common divisor of 33 and i?
3
Suppose 0 = -11*d - d + 1044. What is the greatest common divisor of d and 58?
29
Suppose -2*j + 80 = -4*u, 7*j - 4*u - 200 = 2*j. Let r(t) = t**2 - 4*t + 3. Let y be r(3). Let o = 8 - y. Calculate the greatest common factor of o and j.
8
Let n(i) = 2*i**2 + i - 1. Let v be n(-2). Let u(t) = t**2 - 4*t + 6. Let c be u(v). Let b be 6/15 - (-106)/10. Calculate the greatest common factor of b and c.
11
Suppose n - 13 = 9. Calculate the greatest common factor of 11 and n.
11
Let x = 16 + -7. Let h be ((-2)/(-2))/(2/(-70)). Let i = h - -53. What is the greatest common factor of x and i?
9
Let a be (-2)/1 - (-65 + 5). Calculate the highest common divisor of 87 and a.
29
Suppose -5*i = -116 - 64. What is the greatest common factor of i and 90?
18
Let k be 3/((-1)/1) + -1. Let s be (-3)/(-6) - 338/k. What is the greatest common divisor of 17 and s?
17
Suppose -4 - 8 = 3*x. Let f = x - -5. Suppose -y - 3*i = -5*i - 23, -f = y + 4*i. What is the greatest common factor of 6 and y?
3
Let a(v) = 12*v. Let p be a(-1). Let c = 21 + p. Calculate the highest common divisor of 72 and c.
9
Suppose 5*o - 31 = 14. Let c be (-1136)/(-9) + (-2)/o. Let j be ((-6)/(-4))/((-2)/(-28)). What is the highest common divisor of c and j?
21
Let j(s) = -s**2 + 6*s + 7. Let r be j(5). Suppose r*f = 9*f + 6. Let k be 20/1 - 2/(-1). What is the greatest common factor of f and k?
2
Suppose 0 = -v + 1 + 8. Suppose q - 4*q = -v. Suppose 0 = -2*i - q*d + 30, 4 = -3*d + 5*d. Calculate the greatest common divisor of i and 132.
12
Let i = 15 - 11. Suppose -y + 20 + 24 = 0. Calculate the greatest common divisor of y and i.
4
Suppose -2*r = -5*b + 12, 4*r + 5 + 7 = 4*b. Let g = 4 - b. Calculate the grea